 2 + -1. Suppose 3*i = -v + 15, -5*v - p*i = i - 135. Suppose 4*q - 2 = v. What is the units digit of q?
8
What is the tens digit of 3/1 + 6 + 94?
0
What is the units digit of (10/(-12))/(11/1749)*-2?
5
Let q = -220 + 443. What is the units digit of q?
3
Suppose -3*a = -2*a - 4*y - 3, 2*a - 4*y = 10. Suppose a + 17 = -3*u. Let t(q) = -q**2 - 8*q + 11. What is the tens digit of t(u)?
1
Let b(f) = -8*f**3 + 1. What is the units digit of b(-1)?
9
Suppose -t = d - 2*d - 6, 2*t = -d + 9. Suppose 0 = -y + 4*u, y - 20 = -t*u + 16. What is the units digit of y?
6
Suppose -48 = q - 5. Let t = 61 + q. What is the units digit of t?
8
Let w(r) be the second derivative of -1/6*r**3 + 0 + 13/2*r**2 + 2*r. What is the units digit of w(10)?
3
Let f(u) = 2*u**3 - 7*u**2 + 9*u + 3. What is the units digit of f(4)?
5
What is the units digit of ((-4)/8)/(3/(-48))?
8
Let m(n) = -n**2 + 6*n - 3. Let w be m(4). Suppose w*v + 1 - 111 = 0. What is the tens digit of v?
2
Let l = 0 + 3. Suppose -o = l*o - 52. What is the tens digit of o?
1
Let z = 0 - -12. Suppose -2*t = -0*t - z. What is the units digit of t?
6
Let s(q) = -7*q. What is the units digit of s(-3)?
1
Let s = 1 + 3. Let t(d) = -2*d**3 - 7*d**2 + d - 5. Let h(w) = -2*w**3 - 6*w**2 - 4. Let i(p) = s*h(p) - 3*t(p). What is the units digit of i(-2)?
9
Suppose 3*z - 7 = -1. Let t(j) = -4 + 5 - 2*j + j + 4*j**z. What is the units digit of t(1)?
4
Let l = -3 - -2. Let w = l + 1. What is the units digit of (2 - 1) + 3 + w?
4
Let b = -119 - -228. What is the hundreds digit of b?
1
Let y(i) = -i - 2. Let t(s) = s**2 - 2*s - 5. Let b be t(-5). Let j be (20/15)/((-4)/b). What is the units digit of y(j)?
8
Suppose -4*h + 103 = -73. Suppose f + f + 2*y = h, -3*y + 90 = 4*f. What is the tens digit of f?
2
Let j(q) = q**3 - 9*q**2 + 9*q - 7. Let o be j(8). Let w be 3*1 - (o - 2). Suppose 0 = 5*c + 5*d - 60, 0 = w*d - 4 - 4. What is the tens digit of c?
1
Let y = -12 + 6. Let f = 9 + y. Suppose f*m = 7*m - 48. What is the units digit of m?
2
Let n = -23 + 41. What is the units digit of n?
8
Suppose -3*p - 24 - 33 = 0. Let j = p + 31. What is the tens digit of j?
1
Let x(l) = 6 - 10 + l - 1. What is the units digit of x(7)?
2
Let d be 72/10 - (-6)/(-30). Suppose -1 - d = 2*i, 50 = 5*x - 5*i. What is the units digit of x?
6
Let r = -26 - -13. Suppose 2 = o - 16. Let n = r + o. What is the units digit of n?
5
Suppose -3*l = -0*l - 6, -4*l = 2*a - 236. What is the tens digit of a?
1
Suppose 4*f = 5*z - 25, -f - 22 = -2*z + 3*f. Let x(o) = 2 + 8*o - 5 - 3*o - z. What is the units digit of x(5)?
1
Suppose -4*p + p = -93. Let m = p - 14. Suppose -4 = b - m. What is the units digit of b?
3
Let b = 133 - 82. What is the tens digit of b?
5
Suppose -4*b + 0*j = j - 192, -8 = -2*j. Suppose 4*w - b = -7. What is the units digit of w?
0
What is the tens digit of 1371/21 + (-14)/49?
6
Let c = -393 + 270. What is the units digit of (-4)/(-16) - c/4?
1
Let o be (-70)/4*(4 + -2). What is the units digit of (-725)/o - 4/(-14)?
1
Suppose 3*p - 2*g + 3 = 2*g, 0 = -3*p - g - 3. Let f be 2*(p - 96/(-3)). Suppose -3*u + f = 23. What is the tens digit of u?
1
Let r(b) = -b**2 + 5*b + 2. Let q be r(4). Let f be -1*(2 - 0) - -5. Suppose 5*d - 5 = -f*l, 4*l = d - q*d. What is the units digit of d?
4
Let n = 6 + -3. Suppose -n*l = 3 - 24. What is the units digit of l?
7
What is the tens digit of 24/9*(-84)/(-16)?
1
Let f(g) = 23*g**2 - 3*g + 1. What is the units digit of f(-2)?
9
Suppose -c + 963 = 4*g, 0*g + 3*c + 951 = 4*g. What is the hundreds digit of g?
2
Let p(v) = -v**2 + 6*v - 4. Let c be p(4). Let q = 5 - c. What is the units digit of q?
1
Let c(l) = l**3 - 4*l + 2. What is the hundreds digit of c(5)?
1
Let m(t) = -t**2 + 20*t - 9. What is the tens digit of m(16)?
5
Suppose -7*q + 259 = 7. What is the tens digit of q?
3
Suppose -6*t = 31 - 391. What is the tens digit of t?
6
Let b = 10 + -9. What is the units digit of b?
1
What is the tens digit of 2 - 4*16/(-4)?
1
Suppose 0 = -4*n - 3*h + 48, 5*n = -2*h - 43 + 103. Let u be 1 - 0 - (n + -2). Let m = 16 + u. What is the units digit of m?
7
Let r(j) = 4*j**3 - j**2 - j + 1. Let c be r(1). Let n be 2/(-16)*-10*-4. Let k = c - n. What is the units digit of k?
8
Suppose 844 = 5*o - 3*m, m = 6*m + 15. What is the units digit of o?
7
Suppose 5*d = -3*q + 972, q - 255 - 76 = -4*d. What is the hundreds digit of q?
3
Suppose 0 = -5*g + d + 692, -2*g + 6*g - 5*d = 541. What is the hundreds digit of g?
1
Suppose -5*f + 5 = 5*y, 4*f - 3*y = 5*f - 5. Let c(k) = k**3 - 3*k**2 + k + 1. Let l be c(2). What is the units digit of l + -1 + 9 + f?
6
Let a(x) be the first derivative of x**4/4 - x**3 - x**2 - 4*x - 2. Let v be a(4). What is the units digit of 26/4 - v/(-8)?
7
Let z(r) = 21*r - 2. Let u be z(2). Suppose u - 9 = y. What is the tens digit of y?
3
Let b(y) = 9*y**2 - 11*y + 1. What is the units digit of b(5)?
1
Let g(m) = m**3 - 7*m**2 + 6*m - 3. Let p be g(6). What is the tens digit of (-38)/p + (-12)/18?
1
What is the tens digit of (3132/(-8))/(-9) - (-3)/2?
4
Let r(q) = q**2 + 8*q + 5 + 3*q + 14 - 4. Let v be ((-6)/(-3))/(4/(-22)). What is the units digit of r(v)?
5
Let l(b) = b + 1. Let f(h) = 5*h - 4. Let r(v) = -f(v) + 6*l(v). Let i be r(-9). Suppose -5*z = i - 16. What is the units digit of z?
3
Let d be -54 + -5 - 0/(-2). Let t = d - -90. What is the units digit of t?
1
Suppose -200 = -7*c + 2*c + 3*w, -5*c + 2*w + 195 = 0. What is the tens digit of c?
3
Let q(s) = -9*s + 7. What is the tens digit of q(-16)?
5
Let p = -22 - -13. Let m = p - -19. What is the tens digit of m?
1
Suppose -4*l + 66 = -2*l. Suppose 5*m = -2*a - 10, 4*a + a - 2*m = l. What is the units digit of a?
5
Let k = -4 - -10. Suppose k = 3*c - 12. What is the units digit of (-1)/(-2) - (-33)/c?
6
Suppose 4*s - 5*u - 1365 = -s, -821 = -3*s + 5*u. What is the units digit of s?
2
Let n(a) = a**2 + 2*a + 3. Let p be n(-2). Suppose p*y = -y + 24. What is the units digit of y?
6
What is the units digit of -2 + (0 - -1) - -14?
3
Suppose r = u + 12, r = -3*r - u + 33. Suppose l + r = 4*l. What is the units digit of l?
3
Suppose -11*p - 580 = -16*p. What is the hundreds digit of p?
1
Suppose d + 2*d = 2*s + 39, s + 58 = 5*d. Suppose -2*v - 2 = -h, 3*h - d = -0*h + v. What is the units digit of h?
4
Let u(j) = 22*j**2. Let o be u(-1). Let g = o + -15. What is the units digit of g?
7
Let m(f) = -f**2 - 5*f - 2. Let b = -4 + 6. Suppose -2*r - 14 = b*k, 4*k + 2 = -5*r - 30. What is the units digit of m(r)?
2
Let u = 17 - 56. Let y = -21 - u. What is the tens digit of y?
1
Suppose -5*x + 45 = -0*x. Suppose x = 3*z, -4*p + 3*z = -2*z - 53. What is the units digit of p?
7
Suppose 5*z = -3*m + 191, 5*z - 399 = -4*m - 141. What is the tens digit of m?
6
Let k = 128 + -88. What is the tens digit of k + 0/(1 - 5)?
4
Let n(h) = -2*h + 11. Let b be n(5). What is the tens digit of b/(38/(-39) + 1)?
3
Let l(q) = q + 10. Let b be l(-6). Suppose -b*k = -57 - 15. What is the tens digit of k?
1
Suppose 5*v = -5*j - 15, -4*j = v - 5*j + 7. Let m be (v/10)/((-1)/8). Suppose 0 = m*u - 37 - 3. What is the units digit of u?
0
Suppose j + 2*j = 6. Suppose 2*q + r = 13, -j*r + 26 = 3*q - 7*r. Suppose q*i - 4*i = 21. What is the units digit of i?
7
Suppose -4*h + s + 138 = -2*s, -5*s - 10 = 0. Suppose -5*t = -27 - h. Let v = t - -2. What is the units digit of v?
4
Let g = 7 - 6. What is the units digit of (-7)/(-1) + (g - 3)?
5
Let a(b) = b**3 - 21*b**2 + 23*b - 87. What is the units digit of a(21)?
6
Suppose -5*k = 3 - 23. Suppose 4*d - 2*f - k = 0, -d + 2*f + 3 = 2*d. What is the units digit of d?
1
Suppose 0*r - 20 = -4*r. Suppose 0 = 3*u - r*w - 3, 7*u - 2*u + 3*w - 39 = 0. What is the units digit of u?
6
Suppose -r + 936 = 3*a - 0*r, 5*r = -2*a + 624. What is the tens digit of a?
1
Let r(w) = w**2 - w + 28. Let u be r(0). Suppose x = 5*x - u. What is the units digit of x?
7
Let g(w) = -3*w**3 - 23*w**2 + 5*w - 4. What is the tens digit of g(-8)?
2
Let n be ((-5)/20)/((-1)/8). Suppose 3*l - m - 111 = 0, n*l - 2*m = 3*l - 44. What is the tens digit of l?
3
Suppose -2*q + 0*q = -4. Suppose 0 = -3*m + 12, 5*m = -5*f + f + 24. Suppose -3*c = -q - f. What is the units digit of c?
1
Let y be -4*((-13)/(-2) + 1). What is the units digit of (y/25)/(6/(-80))?
6
